c(o) = 2*o**3 + 100*o**2 - 1928*o - 152. Calculate c(15).
178
Let q(b) = 2*b**2 - 559*b + 26810. Give q(222).
1280
Let k(y) = 2*y**3 + 307*y**2 + 8039*y - 275. Give k(-120).
-155
Let t(n) = n**2 - 11897*n + 71345. Determine t(6).
-1
Let a(f) = 31490*f + 503838. Determine a(-16).
-2
Let s(r) = 85*r**2 - 37*r - 304. What is s(6)?
2534
Let d(p) = -5*p**3 - 11151*p**2 + 11155*p - 1. Give d(1).
-2
Let b(s) = -2*s**2 - 409*s + 35012. Determine b(70).
-3418
Let m(h) = -2691*h - 29622. Calculate m(-11).
-21
Let h(l) = l**2 + 655*l + 61058. What is h(-112)?
242
Let d(l) = -133*l**3 + 254*l**2 + 2*l + 5. What is d(2)?
-39
Let w(m) = -2452*m - 22063. Determine w(-9).
5
Let b(m) = -1105*m**3 + 45*m**2 + 43*m - 3. What is b(-1)?
1104
Let c(f) = 3610*f + 79420. Determine c(-22).
0
Let p(g) = 31*g**3 - 326*g**2 - 11*g - 49. What is p(8)?
-5129
Let m(y) = y**2 + 222*y - 17155. Give m(60).
-235
Let w(j) = 197199*j - 1774988. What is w(9)?
-197
Let m(d) = -d**3 + 68*d**2 - 913*d - 502. Give m(50).
-1152
Let q(d) = d**2 + 259062*d + 1813312. Determine q(-7).
-73
Let t(g) = 3640*g + 10935. Determine t(-3).
15
Let h(t) = 396*t**3 - 44353*t**2 + 111*t + 105. Determine h(112).
-7
Let d(x) = -6322*x - 17099. Give d(-3).
1867
Let f(l) = -2*l**2 - 498*l - 1987. Calculate f(-4).
-27
Let x(s) = s**2 - 3260*s - 644598. What is x(-187)?
-9
Let g(d) = -1044*d + 416518. What is g(399)?
-38
Let g(a) = -2681*a + 21931. What is g(8)?
483
Let t(f) = f**2 + 84144*f - 6485013. Determine t(77).
4
Let d(m) = -49605*m + 3670841. Calculate d(74).
71
Let f(v) = 855*v**3 + 17*v**2 - 16*v - 3. Give f(1).
853
Let y(c) = 2*c**3 - 177*c**2 + 123*c - 2466. What is y(88)?
614
Let w(b) = -b**3 + 29*b**2 + 742*b + 785. Calculate w(-15).
-445
Let g(d) = 26788*d - 160725. What is g(6)?
3
Let r(p) = 2*p**3 - 172*p**2 - 1718*p + 237. Determine r(95).
-523
Let k(v) = 1307*v**2 + 54*v - 40. Determine k(1).
1321
Let w(v) = 6*v**3 + 85*v**2 + 25*v - 35. What is w(-14)?
-189
Let f(d) = d**3 - 6*d**2 + d - 112. Calculate f(-11).
-2180
Let c(s) = 5787*s - 28947. Give c(5).
-12
Let h(b) = 66*b - 7113. Give h(150).
2787
Let x(h) = -6*h**2 - 1763*h + 2035. Give x(-295).
-30
Let d(i) = -17*i**2 - 10*i - 152. Give d(-9).
-1439
Let c(h) = -2*h**3 - 426*h**2 + 385*h - 9212. Give c(-214).
-10
Let a(x) = 13862*x + 76256. Give a(-6).
-6916
Let i(x) = 808*x**2 - 93718*x - 1171. Determine i(116).
-11
Let s(q) = 2*q**2 + 119*q + 1758. Calculate s(-34).
24
Let l(a) = -2*a**2 - 147*a + 1032. Calculate l(7).
-95
Let u(b) = -75*b + 8927. Calculate u(191).
-5398
Let u(t) = 242*t**2 + 15249*t - 26. Give u(-63).
-215
Let o(s) = -21*s**3 - 949*s**2 - 184*s - 172. Give o(-45).
8
Let r(q) = 2*q**3 + 45*q**2 + 30*q + 100. Determine r(-22).
-76
Let k(p) = -45093*p + 90199. Give k(2).
13
Let u(r) = r**2 + 252357*r + 16146762. Determine u(-64).
10
Let h(n) = 3328*n - 435979. Give h(131).
-11
Let f(s) = 509*s + 259601. Calculate f(-510).
11
Let f(z) = z**3 + 80*z**2 - 196*z - 2471. Give f(-82).
153
Let b(l) = -4*l**3 + 410*l**2 - 216*l + 1160. What is b(102)?
-64
Let w(f) = 73655*f + 1252138. What is w(-17)?
3
Let b(r) = -66149*r - 1322962. What is b(-20)?
18
Let q(j) = j**2 + 283*j + 19358. Determine q(-145).
-652
Let b(h) = 242*h + 12414. What is b(-54)?
-654
Let a(j) = -10*j**2 - 1670*j - 69279. Determine a(-92).
-279
Let u(c) = -c**3 - 13*c**2 + 198*c + 2159. Determine u(-17).
-51
Let j(z) = z**3 + 219*z**2 + 290*z + 16195. Calculate j(-218).
499
Let z(h) = 8*h**2 - 5606*h + 76909. Determine z(14).
-7
Let r(s) = 15337*s - 77382. Determine r(5).
-697
Let k(x) = 2*x**3 - 508*x**2 - 98813*x + 133. What is k(-129)?
4
Let k(a) = -4*a**3 - 354*a**2 - 1833*a - 552. Give k(-83).
29
Let w(x) = x**3 - 185*x**2 - 2446*x + 1679. Calculate w(-13).
15
Let w(q) = 3*q**3 + 113*q**2 - 191*q - 50. Determine w(-39).
1315
Let t(r) = 32*r**2 + 1403*r + 1178. What is t(-43)?
17
Let k(o) = 56*o**2 - 2625*o - 391. What is k(47)?
-62
Let n(t) = -6051*t + 29922. Give n(5).
-333
Let u(w) = 248*w + 86511. Determine u(-349).
-41
Let k(i) = -265*i - 3286. Calculate k(-12).
-106
Let a(b) = -b**3 + 119*b**2 - 3534*b - 269. Calculate a(59).
85
Let n(d) = 2*d**3 + 101*d**2 - 1930*d - 2982. Calculate n(-65).
-57
Let g(v) = -1628*v - 109096. What is g(-67)?
-20
Let h(m) = -194*m**2 - 4005*m - 2491. Calculate h(-20).
9
Let k(y) = 116407*y + 465434. Give k(-4).
-194
Let x(j) = 55*j**3 - 13*j**2 - 6*j + 1. Give x(0).
1
Let z(f) = 292*f + 40217. Determine z(-124).
4009
Let s(t) = 514*t - 42801. Give s(83).
-139
Let q(m) = 169291*m - 338576. What is q(2)?
6
Let a(z) = 56*z**3 - 294*z**2 - 337*z. Calculate a(-1).
-13
Let b(i) = 2*i**3 - 45*i**2 - 47*i + 502. Determine b(23).
-50
Let o(n) = n**2 - 824*n - 34133. Give o(-43).
3148
Let j(q) = 6*q**2 - 649*q - 2000. What is j(110)?
-790
Let g(x) = -x**3 - 122*x**2 - 514*x - 4848. Give g(-118).
108
Let z(n) = -10441*n + 835285. Give z(80).
5
Let j(t) = -18*t**3 - 6*t**2 - 132*t - 465. What is j(-4)?
1119
Let x(u) = 1100*u + 6545. What is x(-7)?
-1155
Let h(u) = 5*u**3 + 37*u**2 + 20125*u + 140776. What is h(-7)?
-1
Let f(k) = -53*k**2 - 1733*k + 20704. What is f(-42)?
-2
Let l(h) = -17*h - 4299. What is l(-263)?
172
Let w(i) = -37729*i - 37753. What is w(-1)?
-24
Let a(z) = 173*z + 1379. Calculate a(-14).
-1043
Let q(l) = l**3 - 31*l**2 + 90*l + 538. Calculate q(27).
52
Let z(q) = 12*q**2 + 580*q + 15014. What is z(-26)?
8046
Let c(t) = -1655*t - 11662. Give c(-7).
-77
Let f(q) = -q**2 - 303*q - 9618. Give f(-36).
-6
Let w(k) = 28*k**3 - 1147*k**2 - 42*k + 137. Determine w(41).
96
Let a(g) = -5*g**3 + 14*g**2 + 50*g - 36. Give a(5).
-61
Let c(m) = m**3 + 167*m**2 + 4697*m + 817345. What is c(-168)?
25
Let k(j) = 20283*j + 243393. Calculate k(-12).
-3
Let v(a) = 5*a**3 - 39*a**2 + 1494*a + 11441. Give v(-6).
-7
Let z(c) = 1082881*c - 5414432. What is z(5)?
-27
Let r(b) = 6063*b + 333529. Calculate r(-55).
64
Let z(i) = -150*i**2 + 6985*i - 3908. Give z(46).
2
Let x(l) = 2*l**2 + 719*l - 14685. Give x(20).
495
Let m(w) = 10*w**3 - 187*w**2 - 1269*w - 49. Give m(24).
23
Let n(r) = -132786*r + 929354. Determine n(7).
-148
Let c(m) = 309*m + 3164. Determine c(-11).
-235
Let b(f) = 2*f**2 - 304*f - 1529. Determine b(-5).
41
Let f(x) = -x**2 + 293180*x - 2638543. What is f(9)?
-4
Let x(n) = -3*n**2 + 57*n + 1759. Determine x(-14).
373
Let i(h) = 276878*h + 13567018. What is i(-49)?
-4
Let z(q) = 585*q - 18436. What is z(31)?
-301
Let g(b) = 38*b**2 + 441*b - 242. Give g(-12).
-62
Let z(s) = s**3 - 281*s**2 + 218*s + 17304. What is z(280)?
-56
Let h(u) = 72*u**2 + 2406*u - 126. What is h(-34)?
1302
Let h(j) = -j**3 - 889*j**2 - 42011*j - 51179. Calculate h(-839).
0
Let j(k) = -284*k**2 - 2015*k + 26. Calculate j(-9).
-4843
Let d(x) = -9830*x - 98471. Give d(-10).
-171
Let n(p) = -3*p**2 - 20698*p + 227550. What is n(11)?
-491
Let l(s) = -364*s**3 + 281*s + 280. Determine l(-1).
363
Let h(r) = r**2 + 232*r - 644. Calculate h(0).
-644
Let g(i) = -i**3 - 24*i**2 - 1635*i - 41507. Calculate g(-25).
-7
Let x(n) = -37*n**2 + 7837*n + 17344. Calculate x(214).
10
Let k(h) = 2*h**3 + 796*h**2 + 5467*h + 31. What is k(-7)?
80
Let o(j) = -2*j**3 + 106*j**2 - 58*j - 300. Give o(2).
-8
Let f(d) = -d**3 + 93*d**2 + 206*d - 1473. Determine f(95).
47
Let c(r) = -8*r**2 + 26805*r - 240603. Calculate c(9).
-6
Let u(q) = q**3 - 56*q**2 - 55*q + 771. Determine u(56).
-2309
Let x(q) = -q**3 - 48*q**2 + 256*q - 511. What is x(-53)?
-34
Let j(g) = 3*g**3 - 98*g**2 + 627*g + 58. Calculate j(9).
-50
Let a(x) = -129*x**2 - 2952*x - 16. What is a(-23)?
-361
Let w(b) = -21*b**2 - 115681*b - 346865. Give w(-3).
-11
Let r(l) = 8*l**2 - 1987*l + 109831. Determine r(83).
22
Let b(l) = 198*l**2 + 28*l + 25. What is b(-2)?
761
Let i(z) = -6*z**2 + 1008*z - 30727. Calculate i(128).
-7
Let g(w) = -12*w**2 - 80*w - 239. Determine g(-3).
-107
Let b(w) = 6100*w + 8039808. Give b(-1318).
8
Let r(g) = -g**3 - 17*g**2 + 55*g + 793. Determine r(-16).
-343
Let m(j) = 59*j**2 - 2810*j - 3986. What is m(49)?
-17
Let l(c) = 16*c**3 - 186*c**2 - 125*c + 539. Calculate l(12).
-97
Let m(k) = 887*k + 4397. Determine m(-5).
-38
Let h(p) = 10*p**2 - 125*p + 152. Determine h(1).
37
Let r(b) = -375*b + 1034. Calculate r(4).
-466
Let m(b) = -22*b**2 - 636*b - 4146. Determine m(-19).